{"id":12,"date":"2015-05-14T17:52:39","date_gmt":"2015-05-14T15:52:39","guid":{"rendered":"http:\/\/46.101.128.60\/?page_id=12"},"modified":"2022-01-18T08:45:10","modified_gmt":"2022-01-18T07:45:10","slug":"meine-person","status":"publish","type":"page","link":"https:\/\/birgit-commans.de\/index.php\/meine-person\/","title":{"rendered":"Meine Person"},"content":{"rendered":"\n<div class=\"art-postcontent\">\n<div class=\"art-article\">\n<h1>\u00dcber mich<\/h1>\n<div>F\u00fcr mich ist jede Begegnung neu und individuell und lehrt mich absichtslos im Hier und Jetzt zu sein und zu wirken.<\/div>\n<div>Ich bin dankbar zu sp\u00fcren was ist und meine Energie flie\u00dfen zu lassen.<br>So kann ich dem K\u00f6rper Impulse geben und dem Klienten zu mehr Ausgeglichenheit und Gesundung verhelfen.\n<p>&nbsp;<\/p>\nMeiner Intuition zu folgen und auf meine individuellen Kenntnisse im Bereich K\u00f6rperarbeit, Psychologie und nat\u00fcrlichen Behandlungsverfahren zu vertrauen hat sich vielfach bew\u00e4hrt.<br>R\u00fcckblickend bin ich gl\u00fccklich meiner Intuition gefolgt zu sein und 2007 die Ausbildung zur zertifizierten Wellnessmasseurin absolviert zu haben.<br>Die danach folgenden Fortbildungen erweiterten mein Spektrum.<br>Die Ausbildung zur Psychosynthese Begleiterin rundet meine Arbeit mit Blick auf die ganzheitliche Betrachtung&nbsp; des Menschen als Einheit von K\u00f6rper,Geist und Seele ab.<br>Die meisten k\u00f6rperlichen Beschwerden haben ihren Ursprung in der Psyche.<br>Alle diese Erfahrungen flie\u00dfen beim massieren mit ein und lassen ein individuelles Wohlgef\u00fchl beim Kunden entstehen.\n<p>&nbsp;<\/p>\n<p>Ich bin dankbar f\u00fcr meine langj\u00e4hrigen Kunden, die meinem ganzheitlichen Wissen vertrauen und selber Eigenverantwortung f\u00fcr ihre Gesundheit und ihr Wohlbefinden ergreifen.<\/p>\n\n\n\n<\/div>\n<\/div>\n<\/div>\n\n\n\n<p><\/p>\n\n\n\n<p><br>Herzlich,<\/p>\n<p><br>Katharina Birgit Commans<\/p>\n\n\n\n<p><\/p>\n","protected":false},"excerpt":{"rendered":"<p>\u00dcber mich F\u00fcr mich ist jede Begegnung neu und individuell und lehrt mich absichtslos im Hier und Jetzt zu sein und zu wirken. Ich bin dankbar zu sp\u00fcren was ist und meine Energie flie\u00dfen zu lassen.So kann ich dem K\u00f6rper Impulse geben und dem Klienten zu mehr Ausgeglichenheit und Gesundung verhelfen. &nbsp; Meiner Intuition zu [&hellip;]<\/p>\n","protected":false},"author":2,"featured_media":0,"parent":0,"menu_order":0,"comment_status":"closed","ping_status":"closed","template":"page-notitle.php","meta":[],"_links":{"self":[{"href":"https:\/\/birgit-commans.de\/index.php\/wp-json\/wp\/v2\/pages\/12"}],"collection":[{"href":"https:\/\/birgit-commans.de\/index.php\/wp-json\/wp\/v2\/pages"}],"about":[{"href":"https:\/\/birgit-commans.de\/index.php\/wp-json\/wp\/v2\/types\/page"}],"author":[{"embeddable":true,"href":"https:\/\/birgit-commans.de\/index.php\/wp-json\/wp\/v2\/users\/2"}],"replies":[{"embeddable":true,"href":"https:\/\/birgit-commans.de\/index.php\/wp-json\/wp\/v2\/comments?post=12"}],"version-history":[{"count":29,"href":"https:\/\/birgit-commans.de\/index.php\/wp-json\/wp\/v2\/pages\/12\/revisions"}],"predecessor-version":[{"id":386,"href":"https:\/\/birgit-commans.de\/index.php\/wp-json\/wp\/v2\/pages\/12\/revisions\/386"}],"wp:attachment":[{"href":"https:\/\/birgit-commans.de\/index.php\/wp-json\/wp\/v2\/media?parent=12"}],"curies":[{"name":"wp","href":"https:\/\/api.w.org\/{rel}","templated":true}]}}