{"id":51,"date":"2015-05-14T21:50:24","date_gmt":"2015-05-14T19:50:24","guid":{"rendered":"http:\/\/46.101.128.60\/?page_id=51"},"modified":"2015-06-24T21:58:48","modified_gmt":"2015-06-24T19:58:48","slug":"fusseflexzonen","status":"publish","type":"page","link":"https:\/\/birgit-commans.de\/index.php\/meine-massagen\/fusseflexzonen\/","title":{"rendered":"Fu\u00dfreflexzonen"},"content":{"rendered":"<h2 class=\"art-postheader\">Fu\u00dfreflexzonenmassage<\/h2>\n<div class=\"art-postcontent\">\n<div class=\"art-article\">\n<div><img loading=\"lazy\" class=\" size-medium wp-image-154 alignright\" src=\"http:\/\/46.101.128.60\/wp-content\/uploads\/2015\/06\/fu100x150-200x300.jpg\" alt=\"fu100x150\" width=\"200\" height=\"300\" srcset=\"https:\/\/birgit-commans.de\/wp-content\/uploads\/2015\/06\/fu100x150-200x300.jpg 200w, https:\/\/birgit-commans.de\/wp-content\/uploads\/2015\/06\/fu100x150.jpg 272w\" sizes=\"(max-width: 200px) 100vw, 200px\" \/>Die Fu\u00dfreflexzonenmassage wurde schon vor Jahrtausenden bei den Urv\u00f6lkern angewendet.<\/div>\n<div>\n<div>Heute geh\u00f6rt sie auch zu einer Behandlungsform im Wellnessbereich. Hier dient sie nicht als Therapie, sondern kann zur Steigerung des Wohlbefindens oder erg\u00e4nzend zu medizinischen Verfahren sowie physiotherapeutischen Ma\u00dfnahmen angewendet werden.<br \/>\nDie Massage basiert auf der Erkenntnis, dass der Fu\u00df in etliche kleine Areale aufgeteilt ist, die jeweils durch Nervenbahnen mit bestimmten Korperzonen verbunden sind. Durch die Behandlung an den Fu\u00dfreflexzonen k\u00f6nnen somit alle K\u00f6rperbereiche und -organe angeregt und gesundheitsf\u00f6rdernd beeinflusst werden.<br \/>\nDie Behandlung beginne ich mit einem\u00a0 wohltuenden Fu\u00dfbad. So ist die Haut wunderbar f\u00fcr die Aufnahme der pflegenden Creme vorbereitet. Die anschlie\u00dfende Fu\u00dfmassage wirkt entspannend und hat positive Auswirkungen auf den Allgemeinzustand. Alle Fu\u00df- und Zehengelenke werden bei der Massage gelockert und gedehnt. Ihre F\u00fc\u00dfe erleben hier endlich die Aufmerksamkeit, die ihnen zusteht.<\/p>\n<\/div>\n<\/div>\n<blockquote><p><img loading=\"lazy\" class=\"alignnone wp-image-130\" src=\"http:\/\/46.101.128.60\/wp-content\/uploads\/2015\/05\/url-300x276.png\" alt=\"url\" width=\"24\" height=\"22\" srcset=\"https:\/\/birgit-commans.de\/wp-content\/uploads\/2015\/05\/url-300x276.png 300w, https:\/\/birgit-commans.de\/wp-content\/uploads\/2015\/05\/url.png 455w\" sizes=\"(max-width: 24px) 100vw, 24px\" \/><strong><em>Soweit die F\u00fc\u00dfe uns tragen. . .<\/em><\/strong><\/p><\/blockquote>\n<\/div>\n<\/div>\n","protected":false},"excerpt":{"rendered":"<p>Fu\u00dfreflexzonenmassage Die Fu\u00dfreflexzonenmassage wurde schon vor Jahrtausenden bei den Urv\u00f6lkern angewendet. Heute geh\u00f6rt sie auch zu einer Behandlungsform im Wellnessbereich. Hier dient sie nicht als Therapie, sondern kann zur Steigerung des Wohlbefindens oder erg\u00e4nzend zu medizinischen Verfahren sowie physiotherapeutischen Ma\u00dfnahmen angewendet werden. Die Massage basiert auf der Erkenntnis, dass der Fu\u00df in etliche kleine Areale [&hellip;]<\/p>\n","protected":false},"author":2,"featured_media":0,"parent":24,"menu_order":0,"comment_status":"closed","ping_status":"closed","template":"page-notitle.php","meta":[],"_links":{"self":[{"href":"https:\/\/birgit-commans.de\/index.php\/wp-json\/wp\/v2\/pages\/51"}],"collection":[{"href":"https:\/\/birgit-commans.de\/index.php\/wp-json\/wp\/v2\/pages"}],"about":[{"href":"https:\/\/birgit-commans.de\/index.php\/wp-json\/wp\/v2\/types\/page"}],"author":[{"embeddable":true,"href":"https:\/\/birgit-commans.de\/index.php\/wp-json\/wp\/v2\/users\/2"}],"replies":[{"embeddable":true,"href":"https:\/\/birgit-commans.de\/index.php\/wp-json\/wp\/v2\/comments?post=51"}],"version-history":[{"count":9,"href":"https:\/\/birgit-commans.de\/index.php\/wp-json\/wp\/v2\/pages\/51\/revisions"}],"predecessor-version":[{"id":196,"href":"https:\/\/birgit-commans.de\/index.php\/wp-json\/wp\/v2\/pages\/51\/revisions\/196"}],"up":[{"embeddable":true,"href":"https:\/\/birgit-commans.de\/index.php\/wp-json\/wp\/v2\/pages\/24"}],"wp:attachment":[{"href":"https:\/\/birgit-commans.de\/index.php\/wp-json\/wp\/v2\/media?parent=51"}],"curies":[{"name":"wp","href":"https:\/\/api.w.org\/{rel}","templated":true}]}}