{"id":55,"date":"2015-05-14T21:51:16","date_gmt":"2015-05-14T19:51:16","guid":{"rendered":"http:\/\/46.101.128.60\/?page_id=55"},"modified":"2015-06-24T22:14:09","modified_gmt":"2015-06-24T20:14:09","slug":"hot-stone-ruecken","status":"publish","type":"page","link":"https:\/\/birgit-commans.de\/index.php\/meine-massagen\/hot-stone-ruecken\/","title":{"rendered":"Hot Stone R\u00fccken"},"content":{"rendered":"<h2 class=\"art-postheader\">Hot Stone R\u00fccken &amp; Nacken<\/h2>\n<div class=\"art-postcontent\">\n<div class=\"art-article\">\n<div>Eine einzigartige, energiebringende und regenerierende Massage bei Verspannungen im gesamten R\u00fcckenbereich.Meine BEST OF R\u00fccken-\/ Nacken-\/ Schultermassage kombiniert mit im Wasserbad auf 60\u00b0C erhitzten Basaltsteinen (Hot Stones) hat eine sp\u00fcrbar regenerierende Wirkung auf die Muskulatur. Durch die Massage mit den erw\u00e4rmten Steinen wird die verh\u00e4rtete Muskulatur geschmeidig. Die in den Hot Stones gespeicherte W\u00e4rme erh\u00f6ht die Durchblutung im Muskelgewebe, der Lymphfluss wird angeregt und die k\u00f6rpereigenen Energiequellen k\u00f6nnen wieder flie\u00dfen.<br \/>\nNeben dem hohen Wohlf\u00fchlcharakter dieser Thermobehandlung erlebt die gestresste R\u00fcckenmuskulatur eine sp\u00fcrbare Entspannung und neue Vitalit\u00e4t.<\/p>\n<\/div>\n<div>Meine Aufmerksamkeit widme ich bei dieser Massage ganz Ihrem R\u00fccken, der traditionell f\u00fcr die Zukunft steht.\u00a0Gehen Sie mit einem entspannten R\u00fccken frei und gest\u00e4rkt in die Zukunft.<\/div>\n<\/div>\n<\/div>\n","protected":false},"excerpt":{"rendered":"<p>Hot Stone R\u00fccken &amp; Nacken Eine einzigartige, energiebringende und regenerierende Massage bei Verspannungen im gesamten R\u00fcckenbereich.Meine BEST OF R\u00fccken-\/ Nacken-\/ Schultermassage kombiniert mit im Wasserbad auf 60\u00b0C erhitzten Basaltsteinen (Hot Stones) hat eine sp\u00fcrbar regenerierende Wirkung auf die Muskulatur. Durch die Massage mit den erw\u00e4rmten Steinen wird die verh\u00e4rtete Muskulatur geschmeidig. Die in den Hot [&hellip;]<\/p>\n","protected":false},"author":2,"featured_media":0,"parent":24,"menu_order":0,"comment_status":"closed","ping_status":"closed","template":"page-notitle.php","meta":[],"_links":{"self":[{"href":"https:\/\/birgit-commans.de\/index.php\/wp-json\/wp\/v2\/pages\/55"}],"collection":[{"href":"https:\/\/birgit-commans.de\/index.php\/wp-json\/wp\/v2\/pages"}],"about":[{"href":"https:\/\/birgit-commans.de\/index.php\/wp-json\/wp\/v2\/types\/page"}],"author":[{"embeddable":true,"href":"https:\/\/birgit-commans.de\/index.php\/wp-json\/wp\/v2\/users\/2"}],"replies":[{"embeddable":true,"href":"https:\/\/birgit-commans.de\/index.php\/wp-json\/wp\/v2\/comments?post=55"}],"version-history":[{"count":6,"href":"https:\/\/birgit-commans.de\/index.php\/wp-json\/wp\/v2\/pages\/55\/revisions"}],"predecessor-version":[{"id":225,"href":"https:\/\/birgit-commans.de\/index.php\/wp-json\/wp\/v2\/pages\/55\/revisions\/225"}],"up":[{"embeddable":true,"href":"https:\/\/birgit-commans.de\/index.php\/wp-json\/wp\/v2\/pages\/24"}],"wp:attachment":[{"href":"https:\/\/birgit-commans.de\/index.php\/wp-json\/wp\/v2\/media?parent=55"}],"curies":[{"name":"wp","href":"https:\/\/api.w.org\/{rel}","templated":true}]}}